. Suppose 5*k = -30 + 35. Let x be f(k). What is v(x)?
18
Suppose 2*h + 3*x - 2*x = -57, -5*h + 3*x = 115. Let r = h + 22. Let s(a) = -3*a - 1 - 2 - 3. Calculate s(r).
6
Let l(f) = -5*f**2 - 1. Let m = 147 - 148. Determine l(m).
-6
Suppose s - 76 = -5*q, q + 0*q + 4 = 0. Let h be (15/(-6))/((-40)/s). Let v(z) = -z + 1. What is v(h)?
-5
Let h(q) = -5*q - 1. Let z = 30 - 21. Let g(j) = j + 1. Let m be g(-9). Let x = z + m. What is h(x)?
-6
Let b(f) = -f**2 - 3*f - 5. Let m be 66/(-18) + (-2)/6. Let i be -10*4/16*m. Suppose -5*g = 5*w, 3*g - i = 3*w - 4*w. Calculate b(w).
-15
Let i = -23 - -20. Let o(t) = 14*t + 3. Let j(v) = -29*v - 7. Let w(a) = i*j(a) - 7*o(a). Determine w(-1).
11
Let d(h) be the first derivative of h**4/4 - 5*h**3/3 + 2*h**2 - 6*h + 6. Let r = -21 + 25. Calculate d(r).
-6
Suppose 5 = 5*p, 5*q + 4*p - 11 = 8*p. Let y(w) be the first derivative of -4*w**2 + 3*w + 166. Calculate y(q).
-21
Let t(x) be the second derivative of -x**3/2 + x**2/2 - 5*x. Give t(-2).
7
Let s be 1/(-6) - (-124)/24. Let v = 1 + s. Let j(a) = -v*a - 2 + 3*a - a - a**2. What is j(-3)?
1
Let d(f) = f + 5. Let x(z) = -2*z - 9. Let k(y) = 3*d(y) + x(y). Determine k(9).
15
Let r(x) = -x + 9. Let y = -26 - -29. Let w be 3 + (y - (2 - 2)). Calculate r(w).
3
Suppose -5*c - 256 = 4*k - 23, 2*c + 5*k = -100. Let g be 10/c - 58*(-3)/54. Let i(h) be the second derivative of h**3/6 - h**2 - h. Determine i(g).
1
Suppose -20 = 797*d - 792*d. Let r(w) = -w**3 - 2*w**2 - 4*w - 1. Let g(n) = 2*n**3 + 5*n**2 + 9*n + 3. Let i(y) = -3*g(y) - 5*r(y). What is i(d)?
8
Let m = 150 + -78. Let z = m + -71. Let c(v) = -4*v**3 + 2*v**2 - 7*v + 5. Let d(x) = -2*x**3 + x**2 - 4*x + 3. Let s(w) = 3*c(w) - 5*d(w). What is s(z)?
-2
Let n(u) = -u**2 - 12*u + 5. Suppose 2*t - 3 = 3*a, -4*t = a - t - 10. Let o(g) = -g - 1. Let v(r) = a*n(r) - 4*o(r). What is v(-8)?
9
Let n(u) be the first derivative of -u**4/4 - 8*u**3/3 - 2*u - 70. Calculate n(-8).
-2
Let o = 3 - 2. Let s be (-92)/2*1*(-2)/4. Let k(v) = -v**3 + 54 + 2*v**2 - s - 32 - v**3. Determine k(o).
-1
Let q(z) = -4*z. Let y = -34 + 38. Suppose -13 = -y*a - 21. Determine q(a).
8
Let d(p) = 2*p + 1. Let h(l) = -l**2 + 4*l + 1. Let g(x) = 5*d(x) - 3*h(x). Let z be 1 + -1 + 2 + -1. Let y be g(z). Let v(m) = -5*m + 4. Calculate v(y).
-11
Let h(b) be the first derivative of -b**2 - 3*b + 32. Let i(z) be the first derivative of -z**2/2 - 2*z - 1. Let d(m) = -3*h(m) + 5*i(m). Give d(-6).
-7
Let g(u) = -u**3 - 9*u**2 + u + 19. Suppose -12*j = 15*j + 243. Determine g(j).
10
Let b(c) = -66*c - 66*c + 8 + 202*c - 68*c - c**2. Calculate b(6).
-16
Let n(w) = 3*w**2 + 7*w - 4. Let t(g) = g**2 + g - 1. Let i(h) = -n(h) + 2*t(h). Let b be 315/25 - (-2)/5. Let s be b/(-3) - 4/6. What is i(s)?
2
Let m = -13 - -19. Let t(k) = 3*k**2 - 35*k + 14. Let d(g) = g**2 - 12*g + 5. Let n(w) = -17*d(w) + 6*t(w). Determine n(m).
-1
Let o = 1 + 0. Suppose 0 = 7*r - 0 - 14. Let g(h) = 4 - r - 7*h**2 - h - 1. Calculate g(o).
-7
Let q(l) be the first derivative of -l**2 + 9*l - 6. Let u(n) = 2*n**2 - 17*n + 41. Let g be u(3). Calculate q(g).
-7
Let b(w) be the second derivative of -w**3/2 - 25*w**2/2 - 2*w + 95. Give b(-6).
-7
Suppose 0 = 2*c + 2*c - 4. Suppose -c - 1 = -f. Let q(j) = -4*j - 3*j**2 + 4*j**2 + 0*j**2 + 0*j**2 - f. Give q(6).
10
Let d(x) = -x**2 + 4*x + 4. Let f be d(-1). Let a(b) = 23*b - 1. Give a(f).
-24
Let a(m) be the second derivative of m**4/12 - 7*m**3/6 + 6*m**2 + 69*m. Give a(6).
6
Let g(n) = 2*n**2 + 5*n - 5. Let y(j) = j**2 + 6*j - 29. Let b be y(-10). Suppose 0 = 5*p + 14 + b. Give g(p).
20
Let f(h) be the third derivative of -h**4/24 - h**3/2 + 212*h**2. Suppose 2 - 17 = -3*a. Calculate f(a).
-8
Let s(x) = -2*x + 4. Let b(n) = 5*n - 11. Let k(y) = -4*b(y) - 11*s(y). Calculate k(-2).
-4
Let x(k) = -3*k**3 + 3*k**2 + 11*k + 4. Let o(j) = 4*j**3 - j**2 - 16*j - 3. Let i(p) = -2*o(p) - 3*x(p). Calculate i(7).
-13
Let p(a) be the second derivative of a**4/12 + 2*a**2 + 2*a. Suppose 3*n - 12 = 5*x, 4*x + 13 = -19*n + 18*n. Give p(x).
13
Let n(l) = 7*l**2 + 5*l - 7. Let f(k) = -8*k**2 - 5*k + 6. Let y(r) = 6*f(r) + 7*n(r). Determine y(-12).
71
Let t(f) = -23*f**2 - 2*f - 1. Suppose -4*i + 9*i = -5*o + 10, 2*o = 4*i + 16. Let k be (2/4)/(((-1)/i)/(-1)). What is t(k)?
-22
Let x(f) be the first derivative of f**4/24 - 7*f**3/6 - 13*f**2 - 10. Let k(c) be the second derivative of x(c). What is k(6)?
-1
Let p(z) = z**2 - 5*z + 4. Let v be p(5). Suppose 19 = -v*y - 33. Let o(s) = -s**3 - 13*s**2 - s - 11. Calculate o(y).
2
Let s = -38 + -38. Let l = s - -77. Let u(t) = -20*t**3 + t**2 - t. Calculate u(l).
-20
Let j be (0 - -3) + (-32 - -4)/4. Let t be (j/(-6))/(22/(-99)). Let z(g) = g**3 + 4*g**2 - g - 2. Give z(t).
10
Let k(m) = -m**2 + 21*m - 38. Let d be k(19). Let a(l) = -l**3 + 2*l + 2. Give a(d).
2
Suppose -2 - 6 = 2*n. Let w = 19 + -15. Let d(j) = 4*j**2 + 0*j - 3*j**2 + 2*j + w*j + 4. Determine d(n).
-4
Let y(u) = 2 + 2*u**3 - 5*u**2 + 13*u**3 + 2*u**2 - 3*u - 3*u**2 + 7*u**2. What is y(1)?
15
Let a(x) be the first derivative of x**4/4 - 3*x**3 + 3*x**2 + 11*x - 707. Give a(9).
65
Let k(r) = 3*r - 3. Let m(s) = -2*s + 1. Let z(j) = 3*k(j) + 4*m(j). What is z(-6)?
-11
Let r(w) = 3*w**2 + 21*w - 23 - 16*w + 13 + 11. Give r(-2).
3
Let h(x) = 4*x - 4. Let o be 6 + -1 - (-9 + 3 + 8). Calculate h(o).
8
Let f(j) be the first derivative of -j**6/360 - j**5/24 + j**4/12 + 20*j**3/3 + 17. Let m(r) be the third derivative of f(r). What is m(-4)?
6
Let a(i) = -8*i**2 + 9*i**2 - 21 - 14*i + 20*i. What is a(-8)?
-5
Let g be 0 + 1 + 0/2. Let b(x) = x - 1. Let f(r) = -r**2 - 6*r - 3. Let h(u) = g*f(u) + 2*b(u). Suppose 23*s = -47 - 45. Calculate h(s).
-5
Suppose 0 = -10*r + 6*r + 12. Let h(s) = -s**2 + 4*s - 1. Give h(r).
2
Let o = -59 + 63. Suppose 0 = -o*w - 5 - 3. Let s(b) be the second derivative of b**5/20 - 2*b. Calculate s(w).
-8
Let t(k) be the third derivative of 0*k + 1/6*k**3 + 0 - 1/12*k**4 + 1/24*k**6 + 23*k**2 + 0*k**5. Give t(1).
4
Let f = -3 + -1. Let w(t) be the first derivative of -t**3/3 - 3*t**2/2 + 5*t + 33. Give w(f).
1
Let i(c) = -2*c**3 + 3*c**2 - 3*c + 1. Let k(g) = -g**3 + 2*g**2 - g + 1. Let p(f) = 2*i(f) - 5*k(f). Suppose 0 = -18*a + 17*a + 4. Give p(a).
-7
Let d(i) = -2*i**3 - 4*i**2 - 3*i. Let s be d(-2). Let k = 318 + -303. Let l(q) = q - k + s + 1. Calculate l(6).
-2
Let a(q) = -q**2 - 8*q + 13. Let l be -13 - (((-9)/3 - -1) + -1). Give a(l).
-7
Let i(j) = -4*j**3 - 28*j**2 - 19*j + 37. Let b(m) = 4 + 2*m - m**3 + 5 - 7*m**2 - 7*m. Let u(f) = -9*b(f) + 2*i(f). Let k be 2*-3*9/(-27)*-3. Determine u(k).
-13
Let f(d) = 12 + 65261*d**2 + 4 + 3*d - 65262*d**2. Determine f(5).
6
Suppose 64 - 128 = 4*y. Let a be 21/(-14)*y/12. Let o(n) = n. Let i(v) = -6*v - 2. Let h(t) = -i(t) + o(t). Determine h(a).
16
Suppose 2*s - 8 = -2*s. Let x(q) be the second derivative of -q**5/20 + q**4/12 - q**2/2 - 8*q - 62. What is x(s)?
-5
Let l(o) = -o**2 - 6*o - 5. Let i be l(-4). Let q(f) be the first derivative of -3/2*f**2 + f - 13 + 1/3*f**3. Give q(i).
1
Let s = 27 - 25. Let r(a) = -a**2 + 6*a**s - a**3 - 11*a**2 + a. Suppose 5*d - 3*d = -12. What is r(d)?
-6
Suppose 33 = -23*b - 13. Let n(o) = 13*o + 5. What is n(b)?
-21
Let w(s) be the second derivative of -9*s**5/10 - s**4/12 - s**3/6 - s**2/2 - 174*s. Determine w(-1).
17
Suppose 4*q - 10 - 16 = -3*n, -q + 11 = 3*n. Let o(v) be the first derivative of v**2 - 4*v + 11. What is o(q)?
6
Let u(m) be the first derivative of -m**2 - 6*m + 242. Calculate u(8).
-22
Let n(v) = -v - 26. Suppose 40*f = 38*f. Calculate n(f).
-26
Let q(g) = 2*g - 7. Suppose -2*a + 40 = -4*a. Let k = a + 28. Let t be 1 + k + (3 - 7). Give q(t).
3
Let n(p) be the first derivative of 2*p**3/3 - p**2/2 + 2*p - 1. Let y(o) = o - 6. Let q be y(9). Suppose -2*i + 5 = b, 0*i - q*b = i - 5. What is n(i)?
8
Let m = -28 + 22. Let p be m/(-2) - (7 - 12). Let z(h) = h**2 - 9*h + 6. Calculate z(p).
-2
Let h(x) = -20*x - 8. Let n(t) = t**2 + 17*t + 39. Let o be n(-13). Let l(j) = -9*j - 4. Let f(d) = o*l(d) + 6*h(d). Determine f(-6).
22
Let n = -27 + 32. Let c(g) = -17*g**3 + g**2 + 5*g. Let y(l) = 17*l**3 - l**2 - 4*l. Let x(t) = n*y(t) + 4*c(t). Calculate x(1).
16
Suppose -5*w + 3*w - r = -6, 3*r + 4 = 5*w. Suppose 0 = -u, -w*u = -4